d + 1. Let x(o) be the third derivative of o**5/15 - o**4/24 + 6*o**2. Let y be x(1). Give t(y).
4
Let f = 29 + -26. Let g(l) = -l**2 + 25 + 0*l - 22 - l - f*l. Calculate g(-4).
3
Let a(m) = 2*m - 1. Let q be ((-12)/8)/((-5)/(240/9)). Suppose -3*c + q = -c. Calculate a(c).
7
Let c = -2 - -3. Let w(s) = -8*s - 14. Let i(k) = -k - 1. Let l(p) = c*w(p) - 12*i(p). Determine l(-3).
-14
Let j(b) = 3*b**2 - 4*b + 3. Let l be (4 + 44/8)*2. Suppose p - 2*k = 11 + 1, 3*p + 5*k + l = 0. What is j(p)?
7
Let g = 28 + -28. Let m(o) = -2*o**2 + 3*o**3 + 2 - 3 - o + g + 0*o**3. Give m(2).
13
Suppose -4*r = r - 10. Let d(y) = -20*y + 3. Give d(r).
-37
Let i(h) = h - 4. Let k = -1269 - -1268. Determine i(k).
-5
Let z = 103 - 103. Let t(o) = o**3 - o**2 - o + 12. What is t(z)?
12
Let p(f) = f - 4. Let a be p(6). Suppose -5*z = 5*g - 45, a*z - 30 = -3*g - 7. Let o(h) = -h**2 + 4. What is o(z)?
-12
Let l(x) = x**3 - 4*x**2 + 5*x - 4. Let c(t) = t**3 + 27*t**2 - t - 22. Let j be c(-27). Determine l(j).
46
Let v = -91 - -88. Let t(a) be the first derivative of a**2/2 + 3*a - 7. Determine t(v).
0
Let j(n) = -2*n + 4. Let q(b) = -3*b + 8. Let s(f) = -5*j(f) + 3*q(f). Suppose 3*k = 24 + 21. Suppose -i - k = -9. Give s(i).
-2
Let z(y) be the first derivative of 1/3*y**3 - y - 11/4*y**4 + 24 + 1/2*y**2. Calculate z(1).
-10
Let a(f) = -5*f**2 + 2*f + 1. Let t be (-5 - 6)/((-77)/14). Calculate a(t).
-15
Let j(b) = b**2 - 5*b - 2. Suppose -21 = -3*t - 4*f, 8*f - 9*f + 9 = 2*t. Determine j(t).
-8
Let j(r) = -5*r - 4. Suppose 4*o - 18 = 2*i, o - 4*i - 24 = -3*o. Give j(o).
-19
Let p(r) be the third derivative of -r**5/60 + r**4/8 + 25*r**3/6 + 302*r**2. What is p(7)?
-3
Let r(j) = -j**3 + 5*j**2 + 5. Let d be r(5). Let p = 3 - d. Let h(a) = -2*a - 3. Let o(l) = -l. Let x(k) = -h(k) - 3*o(k). What is x(p)?
-7
Let p(u) be the second derivative of u**4/12 + 5*u**3/6 + 6*u**2 - 444*u. Give p(-4).
8
Suppose -3*r = -7 - 11. Let a(t) be the second derivative of t**5/20 - 5*t**4/12 - 5*t**3/6 - t**2 - 2652*t. Give a(r).
4
Let v(b) = 5*b - 2. Let u(t) = -26*t + 13. Let p(i) = u(i) + 5*v(i). What is p(3)?
0
Let b(h) = -1 - 14*h - 14*h - 4*h**2 + 3*h**2 + 26*h. Suppose -v = 0, -24 = 4*n - 2*v - 3*v. Let j = -10 - n. Give b(j).
-9
Let i(l) = l**3 + 3*l**2 - 8*l - 6. Let o be 13/((-39)/(-90)) + -2. Let h = -33 + o. Determine i(h).
-16
Let i(b) = b - 9 - 10*b + 3*b**2 + b**2 - 5*b**2. Suppose 0 = -q - 3*h + 9, h + 1 = -3*q - 12. Calculate i(q).
9
Let x(u) = 14*u**3 + 12*u**2 - 15*u + 1. Let r(b) = 5*b**3 + 4*b**2 - 5*b. Let h(d) = 17*r(d) - 6*x(d). Calculate h(4).
14
Suppose f - 8 = o, -4*o - o + 41 = 4*f. Let b(q) = q**3 + 4*q - 14 + 7 + 2 + 4*q + f*q**2. Determine b(-8).
-5
Suppose 0 = 3*c - 4*c + 1. Let l be 5/((-4)/1 - -5)*c. Let j(s) = -3*s + 7. Calculate j(l).
-8
Let m(g) = 2*g**3 - 95 + 90 + g**2 - g**3 - 2*g**2 - g. Let c(w) = -w**3 + 3*w**2 - w - 2. Let s be c(2). Give m(s).
-5
Let d(b) be the third derivative of -b**7/420 + b**5/120 - 5*b**3/6 - 9*b**2. Let r(g) be the first derivative of d(g). Give r(-2).
14
Let d(o) be the first derivative of o**3/3 - 3*o**2 - 9*o - 251. Calculate d(7).
-2
Let u(z) = -z**3 + 6*z**2 - 7*z + 10. Let d(n) = n**3 - 53*n**2 + 49*n + 161. Let f be d(52). Calculate u(f).
0
Let z(w) = w - 1. Let c(l) = l**3 - 10*l**2 - 11*l + 2. Let g(d) = -d**2 - 8*d + 11. Let i be g(-8). Let b be c(i). Calculate z(b).
1
Let r(b) = -b**2 + 1 + 0*b**2 - 6*b - 2 - 6 + 4. Calculate r(-5).
2
Suppose 6*o - 4 = -4. Let b(r) be the second derivative of o + 1/6*r**3 + 4*r + 3*r**2 - 1/2*r**4 + 1/20*r**5. Calculate b(6).
12
Let r(q) = 4*q - 1. Let n(w) = -7*w + 2. Let i(p) = 3*n(p) + 5*r(p). Let j = 0 + -1. Determine i(j).
2
Let o(n) = -n**2 - 8*n. Let y be (-4 + -14)*2/4. Calculate o(y).
-9
Let n(p) = 2*p**2 - 1. Suppose -r - 11 = 4. Let z = 16 + r. What is n(z)?
1
Suppose 0*o = 7*o - 14. Let q(j) = 3*j**o - 2*j**2 + 3 - 4. Determine q(1).
0
Let w(t) = -23*t - 273. Let a be w(-12). Let y(g) = -6*g + 12. Determine y(a).
-6
Let c be 2 - 6 - (-6 - -17)*-1. Let h(v) = -2*v**2 + 12*v + 4. What is h(c)?
-10
Let h = -112 - -134. Let o(y) = 7*y - 49 + 26 + h. Calculate o(-1).
-8
Let d be 12/78 + 123/(-39). Let a(h) = -2*h**3 - 5*h**2 + 5*h + 6. What is a(d)?
0
Let b(o) = -o**2 + o + 4. Let q be (-533)/(-13) - (0 - 2). Let r = -29 + q. Suppose 0*d - 5*d - 2*g + r = 0, -3*d + 9 = g. Calculate b(d).
-8
Let p(r) = -r**2 + 6*r - 2. Let u = -498 - -503. Calculate p(u).
3
Let a(c) be the second derivative of -3*c**5/20 - c**4/4 + c**2 + c + 49. Suppose 2*t - 10 = -3*t + 4*x, 6 = 2*t - 2*x. Calculate a(t).
14
Let l(c) = -c**2 + 5*c + 2. Let v = 17 + -12. Let g be l(v). Let x(t) = -7 + 3*t + 12 + 3*t**g - 4*t**2 + 2. What is x(5)?
-3
Let v(d) = -3*d**2 + 4*d - 3. Suppose s - 324 + 301 = -5*i, -3*s + 3*i - 3 = 0. Calculate v(s).
-18
Let p(h) = -h**2 + 8*h + 2. Let m(j) = -16*j**2 + 63*j + 24. Let b(d) = 5*d**2 - 21*d - 8. Let x(f) = -7*b(f) - 2*m(f). Let w be x(7). Give p(w).
2
Let i(m) be the first derivative of -7/3*m**3 + 6*m - 8 - 2*m**2 - 1/4*m**4. Let c(x) = -2*x**3 + 4*x**2 - 3*x. Let t be c(2). Give i(t).
-6
Let t(r) = -r**2 - 2*r + r**3 + 6 - 18*r + 11*r + 6*r. What is t(2)?
4
Let a be (24/(0 - -4))/((-36)/24). Let k(u) = 3 + 1 - u**2 - u**2 - 5*u. Determine k(a).
-8
Let i be (-4)/(-14) - (-321)/(-21). Let w be -6 - -8 - i/3. Let g(o) = o**2 - 8*o + 7. What is g(w)?
0
Suppose 2 = 5*k - 8. Suppose -t + 3*b = 8*b - 19, -2*t + b + 16 = 0. Let q(w) = -t*w**k + 40 - 40. Determine q(1).
-9
Suppose -9*r = -17*r + 24. Let f(o) = o**2 + 2*o + 3. Let w be f(-2). Let k(u) = 0*u + 2*u - w + 0*u. What is k(r)?
3
Suppose -2*m + 5*z + 2 = 0, -4*z + 3 + 1 = 4*m. Let f(v) = -v**2 + 4*v**2 - v + 4*v**2 - m. Let w(d) = d - 5. Let u be w(4). What is f(u)?
7
Let u = -565 - -581. Let b(z) = z**2 - 16*z + 2. Calculate b(u).
2
Let k(z) = -4*z**3 + 20*z**2 + 7*z + 29. Let r(b) = -b**3 + 2*b**2 + b + 2. Let m(f) = -k(f) + 5*r(f). Calculate m(-10).
1
Let b(f) = -2*f**2 - 3*f**2 + 0*f**2 + 2*f. Let y be (5 - 33/6)/((-2)/52). Let n(x) = -11*x**2 + 5*x - 1. Let u(j) = y*b(j) - 6*n(j). Calculate u(4).
6
Let n(b) = 2*b**2 + 6*b + 2. Let o be n(-4). Suppose 0 = -12*s + 16 + 8. Suppose 0*t - o = s*t. Let w(f) = -f - 1. Give w(t).
4
Suppose 0*p - 3*p + 6 = 0. Suppose -4*y = 4, -3*v + 3*y - 4*y + 533 = 0. Let z(g) = 6*g + v*g**2 - 3*g - 2 - g**3 - 176*g**2. Calculate z(p).
4
Let z = -308 - -179. Let w = -131 - z. Let a(y) = y - 2*y**2 + 2*y**2 - 2*y**2 + 1. Calculate a(w).
-9
Let c(g) = 4*g + 8*g + g - 8*g - 7. Determine c(6).
23
Suppose 3*g + 43 = 2*i, -3*i = i - 5*g - 81. Let o(r) = 3 + r - 2*r**2 - i - 13*r**3 + 11. What is o(1)?
-14
Let r(l) = -l - 409*l**3 - 2*l + 2 + l**2 + 410*l**3. What is r(-3)?
-7
Let o(l) = 9*l + 54. Suppose -5*i + 4*t = -0*t + 42, -5*i - t = 27. Let w be o(i). Let q(c) = -c**3 - c**2 - 11. What is q(w)?
-11
Let j(u) be the second derivative of u**4/12 + u**3/6 - 3*u**2/2 + 246*u. Suppose 2*b = -2*z - 8, -4*z - 2*b = -6 + 20. Give j(z).
3
Suppose -22*m + 14 = 2*j - 20*m, 3*j = -4*m + 16. Let k(d) = -d**3 + 12*d**2 + 4*d - 14. What is k(j)?
34
Suppose 19*b - b - 72 = 0. Let p(z) = 2*z + 5. Determine p(b).
13
Let c be (2 + -3)/((-2)/12). Let u be -3 + c + -2 - -5. Let p(n) be the third derivative of -n**5/60 + 7*n**4/24 + n**3/2 + 2*n**2. Calculate p(u).
9
Let j(d) = -4*d**2 - 9*d + 6. Let s be 29/5 + 40/(-50). Let r(z) = -2*z**2 - z**2 + 4 - 2*z - 4*z. Let x(g) = s*j(g) - 7*r(g). Give x(2).
0
Let t be (-2)/(6/(-9)) - 0. Let p(s) = -4 + 2*s - 3*s + t*s. Let i be (-18)/(-27) - 10*4/(-12). What is p(i)?
4
Let b(j) be the first derivative of -12 + 0 + 369*j**2 - 368*j**2 - 6*j. Calculate b(5).
4
Suppose 5*x - 8 = 4*g - 18, 0 = -4*g + 4*x + 12. Let k(i) = -10*i + 8 - i**3 - 2 + g*i + i - 7*i**2. Give k(-6).
-6
Suppose -5*n = -3*p + 15, 0 = -2*p + 6*p + 2*n + 6. Suppose -6*o - 20 - 16 = p. Let u(l) = -l**2 - 6*l + 4. Determine u(o).
4
Let w(l) = -2*l - 3. Let f = -25 - 2. Let r = f - -24. Determine w(r).
3
Let t(j) be the third derivative of -j**5/30 - j**4/24 - j**3/6 + 39*j**2 - 1. Give t(2).
-11
Let y(a) = -17*a - 1. Suppose 3*t = -3*t. Let o(z) = -z**2 + 1. Let c be o(t). Give y(c).
-18
Let a(d) = -2*d - 5. Let u be 1*4*(6 - -5). Suppose -4*o - u = -3*r, 3*r + 4 - 18 = -2*o. Suppose -12 = 4